rime factors of 381676902?
2, 3, 19, 3348043
List the prime factors of 3611516221.
3611516221
List the prime factors of 7201459959.
3, 43, 53, 67, 79, 199
List the prime factors of 11998092.
2, 3, 67, 14923
What are the prime factors of 91275103?
91275103
What are the prime factors of 602027070?
2, 3, 5, 23, 139, 6277
What are the prime factors of 694576731?
3, 31, 7468567
What are the prime factors of 15552997?
1019, 15263
What are the prime factors of 4219362612?
2, 3, 277, 423121
List the prime factors of 2500092814.
2, 367, 683, 4987
What are the prime factors of 719884436?
2, 3167, 56827
List the prime factors of 140822917.
17, 167, 49603
What are the prime factors of 499964145?
3, 5, 47, 157, 4517
List the prime factors of 771468272.
2, 587, 82141
What are the prime factors of 1276606072?
2, 7, 239, 95383
What are the prime factors of 267397417?
7, 5167, 7393
What are the prime factors of 972376357?
19, 51177703
List the prime factors of 3315575396.
2, 7, 23, 421, 1747
What are the prime factors of 136597289?
19, 89, 80779
List the prime factors of 5534143509.
3, 19, 2113, 45949
What are the prime factors of 1407821850?
2, 3, 5, 17, 61343
List the prime factors of 1019707042.
2, 509853521
What are the prime factors of 287896431?
3, 233, 241, 1709
List the prime factors of 2888760075.
3, 5, 38516801
What are the prime factors of 2691723194?
2, 1361, 988877
What are the prime factors of 45273275?
5, 1810931
List the prime factors of 332817749.
11, 199, 152041
List the prime factors of 81668542.
2, 163, 479, 523
What are the prime factors of 121597592?
2, 15199699
What are the prime factors of 58680663?
3, 19560221
What are the prime factors of 563854170?
2, 3, 5, 11, 1708649
What are the prime factors of 222951509?
11, 79, 256561
What are the prime factors of 1128155281?
11, 71, 1444501
List the prime factors of 393109291.
393109291
What are the prime factors of 837975855?
3, 5, 673, 83009
List the prime factors of 1157332516.
2, 401, 721529
What are the prime factors of 484422675?
3, 5, 11, 587179
What are the prime factors of 1516763386?
2, 59, 1861, 6907
List the prime factors of 101364070.
2, 5, 10136407
What are the prime factors of 313610461?
47, 6672563
List the prime factors of 103057197.
3, 19, 43, 2213
List the prime factors of 221940660.
2, 3, 5, 3699011
List the prime factors of 845837429.
845837429
What are the prime factors of 425940978?
2, 3, 47, 1510429
List the prime factors of 821025648.
2, 3, 5701567
What are the prime factors of 30384020?
2, 5, 1519201
What are the prime factors of 111549808?
2, 6971863
List the prime factors of 344743077.
3, 7, 59, 39749
What are the prime factors of 2936431?
19, 37, 4177
What are the prime factors of 4436345633?
4436345633
List the prime factors of 288803862.
2, 3, 16044659
List the prime factors of 446115979.
277, 1610527
List the prime factors of 896364643.
617, 1452779
List the prime factors of 69480279.
3, 11, 269, 2609
List the prime factors of 1668492048.
2, 3, 41, 71, 11941
What are the prime factors of 19055046?
2, 3, 199, 15959
List the prime factors of 116475241.
116475241
List the prime factors of 2038268973.
3, 13, 29, 607, 2969
List the prime factors of 2286283820.
2, 5, 41, 1171, 2381
What are the prime factors of 474901038?
2, 3, 26383391
What are the prime factors of 166771968?
2, 3, 11, 19, 1039
What are the prime factors of 236979409?
236979409
What are the prime factors of 49076222?
2, 13, 79, 23893
List the prime factors of 106351222.
2, 79, 673109
List the prime factors of 101273437.
17, 5957261
What are the prime factors of 1553313103?
17, 227, 402517
What are the prime factors of 1120740574?
2, 19, 701, 42073
List the prime factors of 26806263.
3, 11, 17, 71, 673
List the prime factors of 451192011.
3, 31, 127, 38201
What are the prime factors of 2100146777?
557, 1063, 3547
What are the prime factors of 64496783?
13, 29, 171079
List the prime factors of 519931213.
17, 3089, 9901
List the prime factors of 8848428588.
2, 3, 271, 906973
List the prime factors of 11821806.
2, 3, 277, 2371
What are the prime factors of 1469439634?
2, 13, 56516909
What are the prime factors of 725418129?
3, 4831, 50053
What are the prime factors of 118359588?
2, 3, 19, 519121
List the prime factors of 1979125889.
13, 152240453
What are the prime factors of 1305122144?
2, 40785067
List the prime factors of 1919764627.
11, 17, 43, 238747
List the prime factors of 81168733.
81168733
What are the prime factors of 82176374?
2, 7, 5869741
List the prime factors of 512598833.
13241, 38713
What are the prime factors of 3458559224?
2, 89, 4857527
List the prime factors of 44733627.
3, 61363
What are the prime factors of 25301865?
3, 5, 17, 99223
What are the prime factors of 17231068?
2, 59, 73013
What are the prime factors of 759103430?
2, 5, 863, 87961
List the prime factors of 309585514.
2, 7, 2777, 7963
What are the prime factors of 2016427972?
2, 13, 19, 2040919
List the prime factors of 63921921.
3, 7, 17, 25579
List the prime factors of 52827813.
3, 31, 189347
What are the prime factors of 852000969?
3, 61, 4655743
What are the prime factors of 31466443?
5309, 5927
What are the prime factors of 5818506477?
3, 7, 19, 14582723
What are the prime factors of 171201351?
3, 23, 2481179
List the prime factors of 105164537.
421, 249797
What are the prime factors of 16702335?
3, 5, 13, 31, 307
What are the prime factors of 15315482?
2, 7, 13, 19, 43, 103
What are the prime factors of 233018055?
3, 5, 199, 26021
List the prime factors of 613872829.
23, 61, 437543
What are the prime factors of 7040812052?
2, 1471, 1196603
What are the prime factors of 1402429544?
2, 137, 337, 3797
What are the prime factors of 50161447?
7, 991, 1033
List the prime factors of 208363599.
3, 41, 564671
List the prime factors of 259053425.
5, 47, 220471
What are the prime factors of 681099211?
13, 79, 683, 971
What are the prime factors of 25451202?
2, 3, 7, 23, 26347
List the prime factors of 23967039.
3, 43, 47, 59, 67
List the prime factors of 3215271910.
2, 5, 321527191
What are the prime factors of 2104894340?
2, 5, 105244717
List the prime factors of 464707241.
1747, 266003
What are the prime factors of 133265618?
2, 17, 3919577
What are the prime factors of 91267350?
2, 3, 5, 29, 20981
What are the prime factors of 78858759?
3, 7, 19, 197641
What are the prime factors of 13820073?
3, 4606691
What are the prime factors of 4356309819?
3, 41, 863833
What are the prime factors of 20819354?
2, 53, 197, 997
What are the prime factors of 32835033?
3, 7, 11, 47381
What are the prime factors of 111116459?
2161, 51419
List the prime factors of 67121647.
1117, 60091
What are the prime factors of 743515657?
19, 3613, 10831
List the prime factors of 38906543.
13, 1319, 2269
What are the prime factors of 135060122?
2, 4283, 15767
What are the prime factors of 42414199?
307, 138157
List the prime factors of 5564435662.
2, 593, 4691767
List the prime factors of 3106068081.
3, 83, 193, 64633
What are the prime factors of 210922677?
3, 7, 1115993
List the prime factors of 1168378321.
11, 79, 1344509
List the prime factors of 274165507.
7, 11, 29, 59, 2081
List the prime factors of 7055431581.
3, 11, 213800957
What are the prime factors of 101232691?
7, 14461813
List the prime factors of 35693868.
2, 3, 7, 47, 9041
What are the prime factors of 4696572060?
2, 3, 5, 37, 705191
What are the prime factors of 3075357220?
2, 5, 13, 401, 2269
List the prime factors of 804950740.
2, 5, 11, 3658867
What are the prime factors of 1082251783?
29, 227, 5669
What are the prime factors of 1184799784?
2, 7, 21157139
List the prime factors of 48980969.
48980969
List the prime factors of 683614491.
3, 7, 32553071
List the prime factors of 215481548.
2, 3623, 14869
What are the prime factors of 621401536?
2, 7, 19, 10429
What are the prime factors of 33519911?
29, 1155859
What are the prime factors of 1265135803?
6619, 191137
List the prime factors of 2143868459.
229, 1091, 8581
List the prime factors of 115883366.
2, 43, 1347481
What are the prime factors of 191933128?
2, 17, 89, 101, 157
List the prime factors of 3424851.
3, 241, 1579
What are the prime factors of 905254435?
5, 227, 797581
What are the prime factors of 164913405?
3, 5, 1451